er?
False
Is 165037 a prime number?
True
Is 28421 prime?
False
Is 118663 a composite number?
True
Is 1587167 a prime number?
True
Is 15046 composite?
True
Is 1069727 a prime number?
True
Is 2515 composite?
True
Is 62171 prime?
True
Is 11789 a composite number?
False
Is 6449 a composite number?
False
Is 70982 a prime number?
False
Is 21327 composite?
True
Is 85991 composite?
False
Is 552787 composite?
False
Is 196219 composite?
True
Is 54881 a prime number?
True
Is 443 prime?
True
Is 4499 composite?
True
Is 5581 prime?
True
Is 3637 a prime number?
True
Is 1020871 a prime number?
False
Is 247579 a prime number?
True
Is 6997 prime?
True
Is 149867 prime?
True
Is 5381 a prime number?
True
Is 7067 composite?
True
Is 11699 a prime number?
True
Is 204047 composite?
False
Is 3251 prime?
True
Is 112537 prime?
False
Is 285599 a composite number?
False
Is 98849 composite?
False
Is 561521 a composite number?
False
Is 641 composite?
False
Is 9860971 prime?
True
Is 668347 prime?
True
Is 4595 a prime number?
False
Is 5147 a composite number?
False
Is 5951 composite?
True
Is 45467 composite?
True
Is 40343 a composite number?
False
Is 4127 a prime number?
True
Is 7283 a prime number?
True
Is 7639 composite?
False
Is 142261 composite?
True
Is 2623 composite?
True
Is 30863 prime?
False
Is 16439 prime?
False
Is 7187 prime?
True
Is 12197 a prime number?
True
Is 5855 a prime number?
False
Is 217723 a composite number?
True
Is 86455 a prime number?
False
Is 57473 a prime number?
False
Is 3499 composite?
False
Is 6847 a prime number?
False
Is 13567 a composite number?
False
Is 1255 a composite number?
True
Is 15527 a composite number?
False
Is 938747 a composite number?
False
Is 26907 a composite number?
True
Is 82951 composite?
True
Is 3159505 composite?
True
Is 86467 a composite number?
False
Is 18211 a composite number?
False
Is 15259 a composite number?
False
Is 194981 prime?
True
Is 21997 a composite number?
False
Is 26689 composite?
True
Is 18119 a prime number?
True
Is 25267 a composite number?
True
Is 250193 a composite number?
True
Is 1292251 a composite number?
False
Is 7069 a prime number?
True
Is 6227 prime?
False
Is 46391 prime?
False
Is 21209 prime?
False
Is 1163 a prime number?
True
Is 7241 a composite number?
True
Is 178954 prime?
False
Is 92921 prime?
True
Is 1044709 a prime number?
False
Is 5989 composite?
True
Is 1980793 prime?
False
Is 1275441 prime?
False
Is 4783 a prime number?
True
Is 84491 a prime number?
False
Is 5737 composite?
False
Is 38651 a prime number?
True
Is 4777 a composite number?
True
Is 3144853 a prime number?
True
Is 974 prime?
False
Is 41219 prime?
False
Is 631333 a composite number?
True
Is 19717 a prime number?
True
Is 121649 a prime number?
False
Is 728981 a composite number?
True
Is 36327 a composite number?
True
Is 387551 a prime number?
True
Is 9731 a composite number?
True
Is 5027 composite?
True
Is 147911 prime?
False
Is 4853 a composite number?
True
Is 14471 a prime number?
False
Is 33197 prime?
False
Is 74653 prime?
True
Is 4091 a prime number?
True
Is 48589 prime?
True
Is 32099 a composite number?
False
Is 66919 a composite number?
False
Is 21787 composite?
False
Is 216641 composite?
False
Is 145799 a composite number?
False
Is 31 a composite number?
False
Is 6179 a composite number?
True
Is 245071 composite?
False
Is 6931 composite?
True
Is 9407 prime?
False
Is 102941 composite?
True
Is 1174 composite?
True
Is 9199 a prime number?
True
Is 82527 a composite number?
True
Is 153817 a composite number?
False
Is 12499 composite?
True
Is 955769 composite?
False
Is 17519 prime?
True
Is 85619 prime?
True
Is 10639 a composite number?
False
Is 5813 a composite number?
False
Is 21955 prime?
False
Is 45587 a composite number?
False
Is 26735 a composite number?
True
Is 9871 a composite number?
False
Is 10522 a prime number?
False
Is 3163 prime?
True
Is 794111 a composite number?
False
Is 6521 prime?
True
Is 34285 composite?
True
Is 95701 composite?
False
Is 495955 prime?
False
Is 77137 a prime number?
True
Is 149 prime?
True
Is 5567 a composite number?
True
Is 421987 a prime number?
True
Is 52249 a composite number?
False
Is 22735 composite?
True
Is 4791 a composite number?
True
Is 4553 prime?
False
Is 593249 composite?
True
Is 493997 a composite number?
True
Is 263383 composite?
False
Is 556727 composite?
False
Is 3943 composite?
False
Is 5139547 prime?
False
Is 30881 a prime number?
True
Is 185123 composite?
False
Is 92249 a prime number?
False
Is 22259 a prime number?
True
Is 132283 a composite number?
False
Is 523 a prime number?
True
Is 11483 a composite number?
False
Is 724085 composite?
True
Is 8257 a prime number?
False
Is 4663 a prime number?
True
Is 6673 composite?
False
Is 35039 a prime number?
False
Is 13479 a prime number?
False
Is 21181 a prime number?
False
Is 671417 a composite number?
False
Is 5147 prime?
True
Is 126627 prime?
False
Is 35291 a composite number?
False
Is 973 composite?
True
Is 471313 composite?
False
Is 107006 a composite number?
True
Is 1123787 composite?
True
Is 135977 composite?
False
Is 201329 a prime number?
True
Is 841609 a composite number?
True
Is 13 prime?
True
Is 35761 a composite number?
True
Is 31699 composite?
False
Is 217351 prime?
True
Is 27121 a composite number?
True
Is 4087 prime?
False
Is 30169 a prime number?
True
Is 63653 prime?
False
Is 56279 composite?
True
Is 36601 a prime number?
False
Is 88771 a composite number?
False
Is 1195361 a composite number?
False
Is 122063 a prime number?
False
Is 36739 composite?
False
Is 164563 a prime number?
False
Is 24259 prime?
False
Is 13223 composite?
True
Is 4450859 prime?
False
Is 122117 a composite number?
False
Is 1780565 a composite number?
True
Is 394699 a prime number?
True
Is 17231 a prime number?
True
Is 231497 prime?
False
Is 763201 composite?
False
Is 121883 a composite number?
False
Is 871517 a prime number?
True
Is 28343 prime?
False
Is 22915 a prime number?
False
Is 1843 composite?
True
Is 2219 a composite number?
True
Is 3825401 prime?
True
Is 85849 a composite number?
True
Is 190699 a prime number?
True
Is 259793 prime?
False
Is 126397 a composite number?
False
Is 129581 a composite number?
False
Is 3731621 composite?
False
Is 5268493 a prime number?
True
Is 98999 a prime number?
True
Is 7559 prime?
True
Is 108331 a prime number?
False
Is 54861 composite?
True
Is 1087 composite?
False
Is 40423 a composite number?
False
Is 60485 composite?
True
Is 85757 prime?
False
Is 135379 a composite number?
True
Is 25793 prime?
True
Is 157333 a composite number?
True
Is 2661551 a prime number?
False
Is 444721 composite?
True
Is 8419 composite?
False
Is 182797 prime?
False
Is 85793 composite?
False
Is 312257 prime?
False
Is 4786969 a prime number?
False
Is 74771 a composite number?
False
Is 20191 a composite number?
True
Is 17093 composite?
False
Is 54227 prime?
False
Is 4513 a prime number?
True
Is 48647 a composite number?
False
Is 650833 a prime number?
True
Is 22733 prime?
False
Is 19689 prime?
False
Is 693589 a composite number?
True
Is 174047 a prime number?
True
Is 38705 composite?
True
Is 4748795 prime?
False
Is 542005 prime?
False
Is 13477 composite?
False
Is 16753 composite?
True
Is 17237 a composite number?
True
Is 378979 prime?
False
Is 413 prime?
False
Is 53 a composite number?
False
Is 617951 prime?
True
Is 386887 composite?
False
Is 98661 composite?
True
Is 407 a composite number?
True
Is 43057 a composite number?
True
Is 48917 a prime number?
False
Is 77219 a prime number?
False
Is 44969 a prime number?
False
Is 103951 a prime number?
True
Is 206579 a prime number?
False
Is 30202 composite?
True
Is 835097 a composite number?
False
Is 38877 a composite number?
True
Is 7979 a composite number?
True
Is 75203 composite?
True
Is 551011 prime?
False
Is 87211 a prime number?
True
Is 991 prime?
True
Is 8097 prime?
False
Is 63766 composite?
True
Is 3607 composite?
False
Is 224691 prime?
False
Is 28789 a composite number?
False
Is 3557 prime?
True
Is 642227 a prime number?
False
Is 533447 composite?
False
Is 1934 prime?
False
Is 697 a prime number?
False
Is 1784687 a prime number?
False
Is 494303 a prime number?
False
Is 3238331 a prime number?
False
Is 130993 a composite number?
True
Is 28511 composite?
True
Is 1195801 compo